2/176 + 9/(-12))*11. Calculate the greatest common factor of 496 and p.
4
Suppose -10*v + 402 = -4*v. Suppose v*q - 53*q - 2842 = 0. What is the highest common factor of 29 and q?
29
Let c(d) = -d**2 - 37*d + 36. Let w be c(-37). Calculate the greatest common factor of w and 132.
12
Let w be ((-8)/(-6))/(-4)*3*-466. Let b = 627 - w. Calculate the greatest common divisor of b and 23.
23
Suppose -21*i - 702 = -23*i. Suppose -5*p + 31 = -308 - 66. What is the highest common factor of i and p?
27
Suppose -7560 = -2*q + 5394. Suppose -122 + q = 31*n. Calculate the greatest common divisor of 123 and n.
41
Suppose -2*p - v + 77 = 0, 4*p = 6*v - 3*v + 149. Suppose 471 + 1186 = 98*d - 205. What is the greatest common factor of p and d?
19
Let j = -2505 - -4451. Calculate the greatest common factor of 210 and j.
14
Suppose 53623 = 76*z - 26177. Calculate the highest common factor of z and 21.
21
Let b(a) = 13*a**2 + 257*a - 54. Let n be b(-20). Calculate the greatest common factor of 21 and n.
3
Let j be (-759)/138*(-6)/(-3) - -53. Let t(h) = -h + 24. Let b be t(0). What is the highest common factor of b and j?
6
Suppose u - 5*u = u. Let l(n) = n**3 - n**2 - n - 14. Let r be l(u). Let v be 21/r - (-1076)/8. What is the greatest common factor of v and 7?
7
Let u be (41/(-82))/(1/14). Let x be u/4*(75 + -99). Calculate the highest common divisor of x and 105.
21
Let k be (-2 - -6) + (9 - 13) + 0. Suppose -5*w + 2*z + 28 = k, -6*w + 11 = -5*w + 5*z. What is the highest common factor of 258 and w?
6
Let h(s) = 11*s**2 - 305*s + 139. Let a(m) = 5*m**2 - 153*m + 68. Let g(i) = -5*a(i) + 2*h(i). Let k be g(51). What is the highest common factor of 460 and k?
20
Let v = -145 - -168. Suppose 0 = -v*c + 72*c - 13475. Calculate the greatest common divisor of 75 and c.
25
Let w be 1/3 + (-152)/(-3). Let g = -73 - -123. Let n = w - g. Calculate the greatest common divisor of n and 11.
1
Suppose 61121 = 6*d - 2383. What is the highest common factor of d and 28?
28
Let s(c) = -4*c + 60. Let l be s(-17). Calculate the greatest common divisor of l and 544.
32
Let a be (-6)/(-24)*55*24. Let h(l) = 2*l - 8. Let b be h(15). What is the highest common factor of a and b?
22
Suppose -83*h - 6*h = -6*h - 498. What is the highest common divisor of 2802 and h?
6
Let r = 43310 - 43247. Let f(l) = l**2 + 4*l + 2. Let u be f(-5). Calculate the greatest common factor of u and r.
7
Suppose 0*r - r = -40. Suppose -50*c + 44*c + 264 = 0. Suppose 12 = -2*j + c. What is the greatest common divisor of r and j?
8
Let p = -8019 - -11787. Calculate the highest common divisor of 144 and p.
24
Suppose 4222 = -3*v - 5*w + 5305, 1422 = 4*v + 3*w. What is the greatest common divisor of 156 and v?
39
Let k be 280/46 + (-192)/2208. What is the highest common divisor of k and 237?
3
Let h(y) = 7*y**3 - 21*y + 5. Let w be h(7). What is the highest common factor of 36 and w?
9
Suppose 0 = 7*v - 11*v + 292. Suppose -74*g + v*g = -14. What is the greatest common divisor of g and 91?
7
Let i be (7*-1)/(1/(-3)). Let q be 171/(-7) + 9/i. Let u = -12 - q. What is the highest common divisor of u and 4?
4
Let c(h) = -4*h + 5. Suppose 0 = -4*q + 43 - 47. Let y be c(q). Suppose -y*w + 6*w = -39. Calculate the greatest common divisor of 65 and w.
13
Let f(x) = -2*x**3 - 4*x**2 - 6*x - 2. Let m be f(-3). Suppose m*q - 15 = 29*q. Suppose q = -2*c + 41. Calculate the greatest common divisor of c and 152.
19
Let g = -131 + 125. Let d(i) = -20*i - 69. Let l be d(g). Calculate the greatest common divisor of 459 and l.
51
Suppose 10 = w + 5. Suppose -4*v + 695 = -3*u, 548 = 3*v + 5*u + w. Calculate the greatest common divisor of v and 48.
16
Let s be (-1)/(0 + (-2)/12). Suppose -11*j = 22 + 22. Let f be 33*1/((-15)/(-20)) - j. What is the highest common factor of f and s?
6
Let g(c) = 36*c + 63. Let v be g(-2). Let h be 12/v - -1 - (-1385)/15. What is the highest common factor of 414 and h?
46
Let l(b) = -b**3 + 2*b**2 + 9*b. Let o be l(4). Suppose -2335 = -o*y + 421. Calculate the highest common factor of y and 26.
13
Let f(d) = 3*d**3 + 87*d**2 + 56*d + 156. Let b be f(-25). What is the greatest common divisor of 204 and b?
68
Suppose 0 = 11*n - 284 - 629. Let f be n + 3*(-6)/(-9). Calculate the highest common divisor of f and 68.
17
Suppose 0 = -3*r + 3*b + 486, -4*r = -3*b - 11 - 636. Calculate the highest common factor of r and 207.
23
Let g(o) = 1577*o + 4740. Let m be g(-3). What is the highest common divisor of 14409 and m?
9
Let c = -301 + 544. Calculate the highest common factor of c and 216.
27
Let r = 40 - 35. Let f be (72/(-54))/(((-10)/12)/r). What is the highest common factor of 8 and f?
8
Suppose 1240*d = 1238*d + 10. Calculate the highest common factor of 521 and d.
1
Let z = -176 - -952. Calculate the highest common divisor of z and 8.
8
Let r(k) = -k**3 + 3*k**2 + 17*k + 6. Let j be r(-7). Let l(u) = 5*u - 162. Let b be l(35). What is the highest common factor of b and j?
13
Suppose -5*h - 7*d = 5*d - 1116, 974 = 4*h - 2*d. Calculate the greatest common divisor of h and 1740.
60
Let z(l) = 6559*l + 26578. Let s be z(-4). Let d(k) = 37*k + 1. Let f be d(1). What is the greatest common divisor of f and s?
38
Let o = 88 - 0. Suppose 2*l = -3*n + 18, -3*n + 4*l - 3*l + 27 = 0. Calculate the greatest common factor of o and n.
8
Suppose 12*b + 168 = 15*b. Let c = 101 - b. What is the highest common divisor of 9 and c?
9
Let t = -38 - -50. Let o(f) = -f**3 + 11*f**2 + 15*f - 32. Let s be o(t). Calculate the greatest common divisor of s and 20.
4
Suppose -32*h + 38*h = 90. Suppose -h*r + 459 = 5*c - 14*r, -3*r + 103 = c. Let f be 3 + -2 - 50/(-2). What is the greatest common divisor of f and c?
13
Let s = -3 + -7. Let x be (32/s)/(4/(-30)). Let j(p) = p**2 - 37*p - 4910. Let m be j(-54). Calculate the highest common divisor of m and x.
4
Suppose 2240 = 3*q + 5*r - 7*r, 0 = 4*q - 5*r - 2996. Calculate the greatest common divisor of q and 32.
8
Let y = 6867 - 6777. What is the highest common factor of y and 264?
6
Suppose -14*r - 15*r + 8265 = 0. Suppose -338*b = -341*b + r. What is the highest common factor of b and 15?
5
Let r = 61 - 35. Let o(d) = d**3 - 18*d**2 + 67*d - 28. Let j be o(13). Let v be (130/30)/((-1)/6*j). What is the greatest common factor of r and v?
13
Let j = -3989 + 4209. Suppose 0 = -t - 3*t + 80. What is the highest common factor of j and t?
20
Let s be (-64 - -4075)*6/9. What is the highest common factor of s and 28?
14
Suppose 5*k - 3*k = 234. Suppose -5*h = -0*h - 2*w + 7, 0 = -h - w. Let r(y) = -7*y + 6. Let j be r(h). What is the highest common factor of k and j?
13
Let o be (-440)/(-30) - 4/6. Let g = -2 - o. Let s be g/((-10)/(-4) + -3). Calculate the highest common factor of 32 and s.
32
Suppose -69*v - 66 = -73*v + 5*c, 0 = 4*v - 4*c - 60. What is the greatest common factor of 15 and v?
3
Let p be (-1139)/(-5) - -15*36/2700. What is the greatest common factor of p and 27?
3
Let x(y) = 6*y**2 - 59*y + 25. Let o be x(11). Let s = 168 - o. Calculate the highest common factor of s and 330.
66
Suppose 34*i = 52*i - 2736. What is the highest common factor of i and 2964?
76
Suppose -47*f + 132007 + 186547 = 36*f. Calculate the greatest common divisor of f and 38.
38
Let p be ((12/2)/((-30)/20))/1. Let y be p/8*2 + 49. Let c(j) = 3*j - 8. Let k be c(8). What is the highest common factor of y and k?
16
Let v = -28815 + 29233. What is the highest common factor of v and 570?
38
Let z = 5 + -204. Let w = z + 220. What is the highest common divisor of w and 28?
7
Let s be ((-9)/(-24) - (-155337)/104) + 7. Calculate the highest common divisor of 19 and s.
19
Let n = 21 + -21. Suppose 3*s - 25 + 1 = n. Let q(a) = a + 5. Let l be q(7). What is the highest common factor of s and l?
4
Let p(b) be the first derivative of b**2 - 18*b + 48. Suppose -36 = 2*q - 4*q. Let a be p(q). Calculate the highest common factor of a and 6.
6
Suppose 3*h + 11*h = 13629 + 651. What is the highest common divisor of h and 1620?
60
Let q = 21 - 29. Let w be (-12)/((-6)/(-2)) + 0 - q. Suppose -124 = -3*s + 3*h - w*h, 170 = 4*s - h. What is the highest common divisor of s and 105?
21
Suppose t - 37 = 2*u - 27, 5*u + 27 = 3*t. Let d be (-5)/(125/(-940)) - t/(-10). Calculate the greatest common factor of 608 and d.